{"id":953,"date":"2025-04-15T20:54:14","date_gmt":"2025-04-15T18:54:14","guid":{"rendered":"https:\/\/spesfrance.fr\/?post_type=product&#038;p=953"},"modified":"2026-03-04T11:50:46","modified_gmt":"2026-03-04T10:50:46","slug":"aiguilles-concentriques-myoline","status":"publish","type":"product","link":"https:\/\/spesfrance.fr\/index.php\/produit\/aiguilles-concentriques-myoline\/","title":{"rendered":"Aiguilles Concentriques &#8211; MYOLINE"},"content":{"rendered":"<p><span id=\"tablepress-myoline-aiguilles-concentriques-description\" class=\"tablepress-table-description tablepress-table-description-id-myoline-aiguilles-concentriques\">\u00b7 Notre nouvel aff\u00fbtage robotis\u00e9 assure une excellente p\u00e9n\u00e9tration de l&rsquo;aiguille r\u00e9duisant la douleur pour le patient.<br \/>\n\u00b7 Le connecteur dor\u00e9 pour une meilleur qualit\u00e9 d&rsquo;enregistrement.<br \/>\n\u00b7 Contr\u00f4le qualit\u00e9 \u00e0 100%.<br \/>\n\u00b7 Prise en main ergonomique avec indicateur de position.<\/span><\/p>\n<p>Pour parcourir la brochure:<\/p>\n<p><a href=\"https:\/\/www.calameo.com\/read\/007252374161a58601c12\" target=\"_blank\" rel=\"noopener\"><img loading=\"lazy\" decoding=\"async\" class=\"alignnone wp-image-448 size-medium\" src=\"https:\/\/spesfrance.fr\/wp-content\/uploads\/2024\/02\/Myoline-fr-1-1_Page_1-212x300.jpg\" alt=\"\" width=\"212\" height=\"300\" srcset=\"https:\/\/spesfrance.fr\/wp-content\/uploads\/2024\/02\/Myoline-fr-1-1_Page_1-212x300.jpg 212w, https:\/\/spesfrance.fr\/wp-content\/uploads\/2024\/02\/Myoline-fr-1-1_Page_1-416x589.jpg 416w, https:\/\/spesfrance.fr\/wp-content\/uploads\/2024\/02\/Myoline-fr-1-1_Page_1-723x1024.jpg 723w, https:\/\/spesfrance.fr\/wp-content\/uploads\/2024\/02\/Myoline-fr-1-1_Page_1-768x1087.jpg 768w, https:\/\/spesfrance.fr\/wp-content\/uploads\/2024\/02\/Myoline-fr-1-1_Page_1-1085x1536.jpg 1085w, https:\/\/spesfrance.fr\/wp-content\/uploads\/2024\/02\/Myoline-fr-1-1_Page_1-1447x2048.jpg 1447w, https:\/\/spesfrance.fr\/wp-content\/uploads\/2024\/02\/Myoline-fr-1-1_Page_1.jpg 1653w\" sizes=\"auto, (max-width: 212px) 100vw, 212px\" \/><\/a><\/p>\n","protected":false},"excerpt":{"rendered":"<p>Pour l&rsquo;utilisation de ces aiguilles un cordon est n\u00e9cessaire:<\/p>\n<p><a href=\"https:\/\/spesfrance.fr\/index.php\/produit\/cordon-de-liaison-pour-aiguilles-concentrique-myoline\/?attribute_longueur=1m\" target=\"_blank\" rel=\"noopener\"><img decoding=\"async\" style=\"width: 241px; height: 34px;\" src=\"https:\/\/spesfrance.fr\/wp-content\/uploads\/button.png\" alt=\"Voir le cordon pour MYOLINE\" \/><\/a><\/p>\n<p>Lors de votre premi\u00e8re commande d&rsquo;aiguilles se cordon vous est offert avec le code: <strong style=\"color: #009b8c;\">CORDON<\/strong><\/p>\n","protected":false},"featured_media":1175,"template":"","meta":[],"product_brand":[86],"product_cat":[128,68],"product_tag":[70,71,69],"class_list":{"0":"post-953","1":"product","2":"type-product","3":"status-publish","4":"has-post-thumbnail","6":"product_brand-spesmedica","7":"product_cat-aiguilles-concentriques-emg","8":"product_cat-emg-vcn","9":"product_tag-aiguille","10":"product_tag-concentrique","11":"product_tag-emg","13":"first","14":"instock","15":"featured","16":"taxable","17":"shipping-taxable","18":"purchasable","19":"product-type-variable"},"_links":{"self":[{"href":"https:\/\/spesfrance.fr\/index.php\/wp-json\/wp\/v2\/product\/953","targetHints":{"allow":["GET"]}}],"collection":[{"href":"https:\/\/spesfrance.fr\/index.php\/wp-json\/wp\/v2\/product"}],"about":[{"href":"https:\/\/spesfrance.fr\/index.php\/wp-json\/wp\/v2\/types\/product"}],"wp:featuredmedia":[{"embeddable":true,"href":"https:\/\/spesfrance.fr\/index.php\/wp-json\/wp\/v2\/media\/1175"}],"wp:attachment":[{"href":"https:\/\/spesfrance.fr\/index.php\/wp-json\/wp\/v2\/media?parent=953"}],"wp:term":[{"taxonomy":"product_brand","embeddable":true,"href":"https:\/\/spesfrance.fr\/index.php\/wp-json\/wp\/v2\/product_brand?post=953"},{"taxonomy":"product_cat","embeddable":true,"href":"https:\/\/spesfrance.fr\/index.php\/wp-json\/wp\/v2\/product_cat?post=953"},{"taxonomy":"product_tag","embeddable":true,"href":"https:\/\/spesfrance.fr\/index.php\/wp-json\/wp\/v2\/product_tag?post=953"}],"curies":[{"name":"wp","href":"https:\/\/api.w.org\/{rel}","templated":true}]}}