{"id":814,"date":"2024-11-29T14:13:41","date_gmt":"2024-11-29T13:13:41","guid":{"rendered":"https:\/\/spesfrance.fr\/?post_type=product&#038;p=814"},"modified":"2026-02-12T11:03:20","modified_gmt":"2026-02-12T10:03:20","slug":"bonnet-filaire-netcap-avec-mentonniere","status":"publish","type":"product","link":"https:\/\/spesfrance.fr\/index.php\/produit\/bonnet-filaire-netcap-avec-mentonniere\/","title":{"rendered":"Bonnet filaire NETCAP avec mentonni\u00e8re"},"content":{"rendered":"<ul>\n<li><span id=\"tablepress-netcap-fr-description\" class=\"tablepress-table-description tablepress-table-description-id-netcap-fr\">Mentonni\u00e8re int\u00e9gr\u00e9e.<\/span><\/li>\n<li><span id=\"tablepress-netcap-fr-description\" class=\"tablepress-table-description tablepress-table-description-id-netcap-fr\">Permettent une utilisation facile des cupules.<\/span><\/li>\n<li><span id=\"tablepress-netcap-fr-description\" class=\"tablepress-table-description tablepress-table-description-id-netcap-fr\">Assurent un maintien uniforme.<\/span><\/li>\n<li><span id=\"tablepress-netcap-fr-description\" class=\"tablepress-table-description tablepress-table-description-id-netcap-fr\">Garantissent une bonne visibilit\u00e9 du cr\u00e2ne du patient.<\/span><\/li>\n<li><span id=\"tablepress-netcap-fr-description\" class=\"tablepress-table-description tablepress-table-description-id-netcap-fr\">L&rsquo;\u00e9lastique permet leur utilisation sur diff\u00e9rentes tailles de cr\u00e2nes.<\/span><\/li>\n<\/ul>\n","protected":false},"excerpt":{"rendered":"<p>Paquet de 10 bonnets<\/p>\n","protected":false},"featured_media":815,"template":"","meta":[],"product_brand":[],"product_cat":[62],"product_tag":[84,83,53,37,85,82],"class_list":{"0":"post-814","1":"product","2":"type-product","3":"status-publish","4":"has-post-thumbnail","6":"product_cat-divers","7":"product_tag-bonnet","8":"product_tag-casque","9":"product_tag-cupules","10":"product_tag-eeg","11":"product_tag-filet","12":"product_tag-longue-duree","14":"first","15":"instock","16":"taxable","17":"shipping-taxable","18":"purchasable","19":"product-type-variable"},"_links":{"self":[{"href":"https:\/\/spesfrance.fr\/index.php\/wp-json\/wp\/v2\/product\/814","targetHints":{"allow":["GET"]}}],"collection":[{"href":"https:\/\/spesfrance.fr\/index.php\/wp-json\/wp\/v2\/product"}],"about":[{"href":"https:\/\/spesfrance.fr\/index.php\/wp-json\/wp\/v2\/types\/product"}],"wp:featuredmedia":[{"embeddable":true,"href":"https:\/\/spesfrance.fr\/index.php\/wp-json\/wp\/v2\/media\/815"}],"wp:attachment":[{"href":"https:\/\/spesfrance.fr\/index.php\/wp-json\/wp\/v2\/media?parent=814"}],"wp:term":[{"taxonomy":"product_brand","embeddable":true,"href":"https:\/\/spesfrance.fr\/index.php\/wp-json\/wp\/v2\/product_brand?post=814"},{"taxonomy":"product_cat","embeddable":true,"href":"https:\/\/spesfrance.fr\/index.php\/wp-json\/wp\/v2\/product_cat?post=814"},{"taxonomy":"product_tag","embeddable":true,"href":"https:\/\/spesfrance.fr\/index.php\/wp-json\/wp\/v2\/product_tag?post=814"}],"curies":[{"name":"wp","href":"https:\/\/api.w.org\/{rel}","templated":true}]}}