{"id":596,"date":"2024-02-06T15:54:02","date_gmt":"2024-02-06T14:54:02","guid":{"rendered":"https:\/\/spesfrance.fr\/?post_type=product&#038;p=596"},"modified":"2026-02-12T11:03:17","modified_gmt":"2026-02-12T10:03:17","slug":"electrode-de-terre-adhesive","status":"publish","type":"product","link":"https:\/\/spesfrance.fr\/index.php\/produit\/electrode-de-terre-adhesive\/","title":{"rendered":"\u00c9lectrode de terre adh\u00e9sive"},"content":{"rendered":"<p><span id=\"tablepress-electrodes-adhesives-description\" class=\"tablepress-table-description tablepress-table-description-id-electrodes-adhesives\">\u00b7 L&rsquo;Hydrogel garantit une excellente adh\u00e9rence et permet un repositionnement \u00e0 plusieurs reprises.<br \/>\n\u00b7 Haute qualit\u00e9 d&rsquo;enregistrement gr\u00e2ce \u00e0 une faible imp\u00e9dance.<br \/>\n\u00b7 Adapt\u00e9es aux enregistrements longue dur\u00e9e.<br \/>\n\u00b7 L&rsquo;Hydrogel est constitu\u00e9 de mat\u00e9riaux biocompatibles qui ont \u00e9t\u00e9 test\u00e9s sur la plupart des types de peaux sensibles.<\/span><\/p>\n","protected":false},"excerpt":{"rendered":"<p>Boite de 20 sachets de 4<br \/>\n35mm x 45mm<\/p>\n","protected":false},"featured_media":597,"template":"","meta":[],"product_brand":[86],"product_cat":[77,68],"product_tag":[],"class_list":{"0":"post-596","1":"product","2":"type-product","3":"status-publish","4":"has-post-thumbnail","6":"product_brand-spesmedica","7":"product_cat-electrodes-adhesives","8":"product_cat-emg-vcn","10":"first","11":"instock","12":"taxable","13":"shipping-taxable","14":"purchasable","15":"product-type-simple"},"_links":{"self":[{"href":"https:\/\/spesfrance.fr\/index.php\/wp-json\/wp\/v2\/product\/596","targetHints":{"allow":["GET"]}}],"collection":[{"href":"https:\/\/spesfrance.fr\/index.php\/wp-json\/wp\/v2\/product"}],"about":[{"href":"https:\/\/spesfrance.fr\/index.php\/wp-json\/wp\/v2\/types\/product"}],"wp:featuredmedia":[{"embeddable":true,"href":"https:\/\/spesfrance.fr\/index.php\/wp-json\/wp\/v2\/media\/597"}],"wp:attachment":[{"href":"https:\/\/spesfrance.fr\/index.php\/wp-json\/wp\/v2\/media?parent=596"}],"wp:term":[{"taxonomy":"product_brand","embeddable":true,"href":"https:\/\/spesfrance.fr\/index.php\/wp-json\/wp\/v2\/product_brand?post=596"},{"taxonomy":"product_cat","embeddable":true,"href":"https:\/\/spesfrance.fr\/index.php\/wp-json\/wp\/v2\/product_cat?post=596"},{"taxonomy":"product_tag","embeddable":true,"href":"https:\/\/spesfrance.fr\/index.php\/wp-json\/wp\/v2\/product_tag?post=596"}],"curies":[{"name":"wp","href":"https:\/\/api.w.org\/{rel}","templated":true}]}}