{"id":255,"date":"2023-05-05T14:24:42","date_gmt":"2023-05-05T12:24:42","guid":{"rendered":"http:\/\/spesfrance.fr\/?post_type=product&#038;p=255"},"modified":"2026-02-24T15:10:37","modified_gmt":"2026-02-24T14:10:37","slug":"pate-conductrice-ten20-3-tubes-de-114g","status":"publish","type":"product","link":"https:\/\/spesfrance.fr\/index.php\/produit\/pate-conductrice-ten20-3-tubes-de-114g\/","title":{"rendered":"P\u00e2te conductrice TEN20 3x114g"},"content":{"rendered":"<p><a href=\"https:\/\/spesfrance.fr\/wp-content\/uploads\/2023\/05\/SDS002-Ten20-SDS-v1.0-en-English.pdf\" target=\"_blank\" rel=\"noopener\">Fiche de donn\u00e9es de s\u00e9curit\u00e9<\/a><\/p>\n<p>Connaissez notre AC Cream? Une p\u00e2te conductrice \u00e9quivalente \u00e0 laTen20, sans Parabens, colorants ni parfums.<\/p>\n<p><a href=\"https:\/\/spesfrance.fr\/index.php\/produit\/pate-conductrice-ac-cream-10-tubes-de-75g\/\"><img loading=\"lazy\" decoding=\"async\" class=\"alignnone wp-image-121 size-thumbnail\" src=\"https:\/\/spesfrance.fr\/wp-content\/uploads\/2024\/01\/Image1.png\" alt=\"\" width=\"150\" height=\"150\" \/><\/a><\/p>\n","protected":false},"excerpt":{"rendered":"<p>Lot de 3 tubes de 114g<\/p>\n","protected":false},"featured_media":248,"template":"","meta":[],"product_brand":[87],"product_cat":[16],"product_tag":[25,21,22,20],"class_list":{"0":"post-255","1":"product","2":"type-product","3":"status-publish","4":"has-post-thumbnail","6":"product_brand-weaver","7":"product_cat-gels-pates","8":"product_tag-conducteur","9":"product_tag-conductrice","10":"product_tag-creme","11":"product_tag-pate","13":"first","14":"instock","15":"featured","16":"taxable","17":"shipping-taxable","18":"purchasable","19":"product-type-simple"},"_links":{"self":[{"href":"https:\/\/spesfrance.fr\/index.php\/wp-json\/wp\/v2\/product\/255","targetHints":{"allow":["GET"]}}],"collection":[{"href":"https:\/\/spesfrance.fr\/index.php\/wp-json\/wp\/v2\/product"}],"about":[{"href":"https:\/\/spesfrance.fr\/index.php\/wp-json\/wp\/v2\/types\/product"}],"wp:featuredmedia":[{"embeddable":true,"href":"https:\/\/spesfrance.fr\/index.php\/wp-json\/wp\/v2\/media\/248"}],"wp:attachment":[{"href":"https:\/\/spesfrance.fr\/index.php\/wp-json\/wp\/v2\/media?parent=255"}],"wp:term":[{"taxonomy":"product_brand","embeddable":true,"href":"https:\/\/spesfrance.fr\/index.php\/wp-json\/wp\/v2\/product_brand?post=255"},{"taxonomy":"product_cat","embeddable":true,"href":"https:\/\/spesfrance.fr\/index.php\/wp-json\/wp\/v2\/product_cat?post=255"},{"taxonomy":"product_tag","embeddable":true,"href":"https:\/\/spesfrance.fr\/index.php\/wp-json\/wp\/v2\/product_tag?post=255"}],"curies":[{"name":"wp","href":"https:\/\/api.w.org\/{rel}","templated":true}]}}