{"id":231,"date":"2023-05-04T16:17:16","date_gmt":"2023-05-04T14:17:16","guid":{"rendered":"http:\/\/spesfrance.fr\/?post_type=product&#038;p=231"},"modified":"2026-02-12T11:03:24","modified_gmt":"2026-02-12T10:03:24","slug":"electrodes-cupules-ltm-10mm-dorees-150cm-lot-de-10-fiche-tp-din42802","status":"publish","type":"product","link":"https:\/\/spesfrance.fr\/index.php\/produit\/electrodes-cupules-ltm-10mm-dorees-150cm-lot-de-10-fiche-tp-din42802\/","title":{"rendered":"\u00c9lectrodes cupules LTM 10mm Dor\u00e9es"},"content":{"rendered":"<p><span id=\"tablepress-LTM-fr-description\" class=\"tablepress-table-description tablepress-table-description-id-LTM-fr\">&#8211; Con\u00e7ues sp\u00e9cifiquement pour les enregistrements longues dur\u00e9e.<br \/>\n&#8211; C\u00e2ble t\u00e9flon\u00e9 Ultra fin.<br \/>\n&#8211; \u00c9lectrodes autoclavables.<\/span><br \/>\n&#8211; Pack de 10 couleurs<\/p>\n<p><a href=\"https:\/\/www.spesmedica.com\/wp-content\/uploads\/2019\/11\/FT-%C3%89LECTRODES-LTM-FR.pdf\" target=\"_blank\" rel=\"noopener\">Fiche technique du produit<\/a><\/p>\n","protected":false},"excerpt":{"rendered":"<p>Lot de 10 cupules dor\u00e9es perc\u00e9es longue dur\u00e9e.<\/p>\n","protected":false},"featured_media":232,"template":"","meta":[],"product_brand":[],"product_cat":[30],"product_tag":[53,56,31],"class_list":{"0":"post-231","1":"product","2":"type-product","3":"status-publish","4":"has-post-thumbnail","6":"product_cat-electrodes","7":"product_tag-cupules","8":"product_tag-dggoat152600","9":"product_tag-electrodes","11":"first","12":"instock","13":"taxable","14":"shipping-taxable","15":"purchasable","16":"product-type-variable"},"_links":{"self":[{"href":"https:\/\/spesfrance.fr\/index.php\/wp-json\/wp\/v2\/product\/231","targetHints":{"allow":["GET"]}}],"collection":[{"href":"https:\/\/spesfrance.fr\/index.php\/wp-json\/wp\/v2\/product"}],"about":[{"href":"https:\/\/spesfrance.fr\/index.php\/wp-json\/wp\/v2\/types\/product"}],"wp:featuredmedia":[{"embeddable":true,"href":"https:\/\/spesfrance.fr\/index.php\/wp-json\/wp\/v2\/media\/232"}],"wp:attachment":[{"href":"https:\/\/spesfrance.fr\/index.php\/wp-json\/wp\/v2\/media?parent=231"}],"wp:term":[{"taxonomy":"product_brand","embeddable":true,"href":"https:\/\/spesfrance.fr\/index.php\/wp-json\/wp\/v2\/product_brand?post=231"},{"taxonomy":"product_cat","embeddable":true,"href":"https:\/\/spesfrance.fr\/index.php\/wp-json\/wp\/v2\/product_cat?post=231"},{"taxonomy":"product_tag","embeddable":true,"href":"https:\/\/spesfrance.fr\/index.php\/wp-json\/wp\/v2\/product_tag?post=231"}],"curies":[{"name":"wp","href":"https:\/\/api.w.org\/{rel}","templated":true}]}}