{"id":1574,"date":"2026-02-13T13:57:29","date_gmt":"2026-02-13T12:57:29","guid":{"rendered":"https:\/\/spesfrance.fr\/?post_type=product&#038;p=1574"},"modified":"2026-02-25T14:58:31","modified_gmt":"2026-02-25T13:58:31","slug":"bonnet-neoprene-multicap","status":"publish","type":"product","link":"https:\/\/spesfrance.fr\/index.php\/produit\/bonnet-neoprene-multicap\/","title":{"rendered":"Bonnet n\u00e9opr\u00e8ne MULTICAP"},"content":{"rendered":"<p>Pour un positionnement pr\u00e9cis des \u00e9lectrodes: le mat\u00e9riau \u00e9lastique assure un ajustement pr\u00e9cis et un grand confort pour le patient.<br data-start=\"192\" data-end=\"195\" \/>Les ouvertures int\u00e9gr\u00e9es permettent un acc\u00e8s facile au cuir chevelu.<br data-start=\"330\" data-end=\"333\" \/>Tous les bonnets indiquent clairement les positions des \u00e9lectrodes.<\/p>\n","protected":false},"excerpt":{"rendered":"<p>1 Bonnet<\/p>\n","protected":false},"featured_media":1584,"template":"","meta":[],"product_brand":[],"product_cat":[127],"product_tag":[],"class_list":{"0":"post-1574","1":"product","2":"type-product","3":"status-publish","4":"has-post-thumbnail","6":"product_cat-bonnets-multicap","8":"first","9":"instock","10":"taxable","11":"shipping-taxable","12":"purchasable","13":"product-type-variable"},"_links":{"self":[{"href":"https:\/\/spesfrance.fr\/index.php\/wp-json\/wp\/v2\/product\/1574","targetHints":{"allow":["GET"]}}],"collection":[{"href":"https:\/\/spesfrance.fr\/index.php\/wp-json\/wp\/v2\/product"}],"about":[{"href":"https:\/\/spesfrance.fr\/index.php\/wp-json\/wp\/v2\/types\/product"}],"wp:featuredmedia":[{"embeddable":true,"href":"https:\/\/spesfrance.fr\/index.php\/wp-json\/wp\/v2\/media\/1584"}],"wp:attachment":[{"href":"https:\/\/spesfrance.fr\/index.php\/wp-json\/wp\/v2\/media?parent=1574"}],"wp:term":[{"taxonomy":"product_brand","embeddable":true,"href":"https:\/\/spesfrance.fr\/index.php\/wp-json\/wp\/v2\/product_brand?post=1574"},{"taxonomy":"product_cat","embeddable":true,"href":"https:\/\/spesfrance.fr\/index.php\/wp-json\/wp\/v2\/product_cat?post=1574"},{"taxonomy":"product_tag","embeddable":true,"href":"https:\/\/spesfrance.fr\/index.php\/wp-json\/wp\/v2\/product_tag?post=1574"}],"curies":[{"name":"wp","href":"https:\/\/api.w.org\/{rel}","templated":true}]}}