{"id":1429,"date":"2026-02-11T14:27:36","date_gmt":"2026-02-11T13:27:36","guid":{"rendered":"https:\/\/spesfrance.fr\/?post_type=product&#038;p=1429"},"modified":"2026-02-12T11:03:24","modified_gmt":"2026-02-12T10:03:24","slug":"cupule-a-usage-unique-agagcl","status":"publish","type":"product","link":"https:\/\/spesfrance.fr\/index.php\/produit\/cupule-a-usage-unique-agagcl\/","title":{"rendered":"\u00c9lectrodes cupules \u00e0 Usage Unique AgAgCl"},"content":{"rendered":"<ul>\n<li>Diam\u00e8tre 10mm<\/li>\n<li>R\u00e9duit les risques de contaminations crois\u00e9es<\/li>\n<li>Fiche TP DIN 42802<\/li>\n<li><span id=\"tablepress-electrodes-a-usage-unique1-description\" class=\"tablepress-table-description tablepress-table-description-id-electrodes-a-usage-unique1\">Mat\u00e9riaux tr\u00e8s l\u00e9gers<\/span><\/li>\n<li><span id=\"tablepress-electrodes-a-usage-unique1-description\" class=\"tablepress-table-description tablepress-table-description-id-electrodes-a-usage-unique1\">Surface en AgAgCl pour le meilleur signal<\/span><\/li>\n<\/ul>\n","protected":false},"excerpt":{"rendered":"<p>Sachet de 10 \u00e9lectrodes<\/p>\n","protected":false},"featured_media":1433,"template":"","meta":[],"product_brand":[86],"product_cat":[30],"product_tag":[114,117,118],"class_list":{"0":"post-1429","1":"product","2":"type-product","3":"status-publish","4":"has-post-thumbnail","6":"product_brand-spesmedica","7":"product_cat-electrodes","8":"product_tag-cupule","9":"product_tag-electrode","10":"product_tag-usage-unique","12":"first","13":"instock","14":"taxable","15":"shipping-taxable","16":"purchasable","17":"product-type-variable"},"_links":{"self":[{"href":"https:\/\/spesfrance.fr\/index.php\/wp-json\/wp\/v2\/product\/1429","targetHints":{"allow":["GET"]}}],"collection":[{"href":"https:\/\/spesfrance.fr\/index.php\/wp-json\/wp\/v2\/product"}],"about":[{"href":"https:\/\/spesfrance.fr\/index.php\/wp-json\/wp\/v2\/types\/product"}],"wp:featuredmedia":[{"embeddable":true,"href":"https:\/\/spesfrance.fr\/index.php\/wp-json\/wp\/v2\/media\/1433"}],"wp:attachment":[{"href":"https:\/\/spesfrance.fr\/index.php\/wp-json\/wp\/v2\/media?parent=1429"}],"wp:term":[{"taxonomy":"product_brand","embeddable":true,"href":"https:\/\/spesfrance.fr\/index.php\/wp-json\/wp\/v2\/product_brand?post=1429"},{"taxonomy":"product_cat","embeddable":true,"href":"https:\/\/spesfrance.fr\/index.php\/wp-json\/wp\/v2\/product_cat?post=1429"},{"taxonomy":"product_tag","embeddable":true,"href":"https:\/\/spesfrance.fr\/index.php\/wp-json\/wp\/v2\/product_tag?post=1429"}],"curies":[{"name":"wp","href":"https:\/\/api.w.org\/{rel}","templated":true}]}}